e i(-3). Suppose 28*j - 7026 = n. What are the prime factors of j?
337
Suppose -3*r = r - 148. Let i be (247/2)/(((-105)/14)/(-15)). Suppose 0 = -4*u - 4*o + 284, 4*u - r = 2*o + i. What are the prime factors of u?
71
Let w = -33929 + 95913. What are the prime factors of w?
2, 13, 149
Suppose 7*s + 6 - 55 = 0. Let o(c) = 20*c**2 - 18*c + 6. Let l be o(s). Suppose -7*p + 11*p = l. List the prime factors of p.
5, 43
Suppose 23*r = 1807 + 56. Let l be (-2)/(-4)*52/(-1). Let j = r + l. What are the prime factors of j?
5, 11
Let y(a) = 1222*a**3 - a**2 + 8*a - 7. Let d be y(1). Let v = 1728 - d. List the prime factors of v.
2, 11, 23
Let m = 372 + -370. Suppose -17 = 3*j + v - 613, -j + m*v = -208. List the prime factors of j.
2, 5
Let i(x) = -x**3 - 5*x**2 + x - 3. Let l be i(-5). Suppose -10*h - 36*h = -2760. What are the prime factors of (274/l)/((-15)/h)?
137
Let j(n) = -973*n - 138. Let v be j(-8). Suppose -17132 = -26*p + v. What are the prime factors of p?
953
Suppose 0 = 3*w - 34 - 50. Let t be 4 + (w/35)/(2/(-5)). Suppose t*o - 5*q = 459, -3*o + 358 + 383 = 3*q. What are the prime factors of o?
2, 11
Let x be ((-15)/(-9))/(3 - 6504/2169). Suppose 0 = 2*l - x - 593. Suppose 6*h - 451 = l. What are the prime factors of h?
3, 5
Let y(v) = 413*v**2 - 129*v - 1408. List the prime factors of y(-11).
2, 11, 71
Let m be (15 + -8 - 9)*-1. Suppose 16*r - 17*r - 5*s + 307 = 0, m*r = 2*s + 626. What are the prime factors of r?
2, 3, 13
Let v = -142 - -374. Suppose 7*y - 5*y + v = 0. Let z = 199 + y. List the prime factors of z.
83
Let n(h) = 8*h + 9. Let q(v) = 7*v + 8. Let a(w) = -6*n(w) + 7*q(w). Let j be a(4). List the prime factors of (-7 + 72)*j/10.
3, 13
Let x(h) = 201*h**2 + 18*h - 59. What are the prime factors of x(7)?
2, 37, 67
Suppose 3*h - 4 = 4*i - 6*i, 0 = 3*h + 6. Let f(b) = 12*b**2 - 12*b + 6. What are the prime factors of f(i)?
2, 3, 41
Let c(h) = 27*h + 5085. What are the prime factors of c(0)?
3, 5, 113
Let i = 24 - 5. Let x(m) = 4*m + 20. Let j be x(i). Let r = 202 - j. What are the prime factors of r?
2, 53
Suppose 2*v = v + 2. Suppose -3*r - 11 = -3*q - 8, -2*r = 3*q - 18. Suppose 3*i + v*i + 2 = -3*s, 3*s = r*i - 18. What are the prime factors of i?
2
Let l(m) = 30*m - 39. Let q be l(10). Let d = q + -416. Let b = 275 + d. What are the prime factors of b?
2, 3, 5
Suppose -45 = 4*y - r, -3 = -5*r + 2. Let k(z) be the second derivative of z**5/20 + 11*z**4/12 - z**3 + z**2/2 - 348*z. What are the prime factors of k(y)?
67
Suppose 0 = 8*s - 52189 - 55147. List the prime factors of s.
13417
Let t = -156 - -288. Suppose t*x - 2296 = 128*x. What are the prime factors of x?
2, 7, 41
Let o = -1456 - -2628. What are the prime factors of o?
2, 293
Let g be (186/(-4))/((-18)/36). Let m = 82 - g. List the prime factors of (-327)/(m/2 - -4).
2, 109
Let o(m) = 267*m**3 - 13*m**2 + 70*m - 230. What are the prime factors of o(4)?
2, 5, 1693
Let p(c) = 159*c + 63. Let i be p(-2). Let y = i + 353. What are the prime factors of y?
2, 7
Let f(o) = -o**3 - 14*o**2 + 153*o - 16. List the prime factors of f(-23).
2, 613
Let o(c) = 2*c + 3. Let h be o(0). Suppose i = h*i - 32. Let s = 74 - i. List the prime factors of s.
2, 29
Let j(o) = 3*o**2 + 52*o - 94. What are the prime factors of j(33)?
4889
Let u = -196 + 195. What are the prime factors of u/((-19)/152*(-4)/(-387))?
2, 3, 43
Let r = 730 - 725. Suppose 17*i = 15*i + 4, 2*i = -r*d + 2689. What are the prime factors of d?
3, 179
Suppose -v + 7835 + 44972 = 2*k, -4*k + 105623 = 3*v. What are the prime factors of k?
26399
Let d be (2107/14 - 4)/((-3)/6). Let z(y) = y**3 - 4*y - 9. Let w be z(-6). Let x = w - d. What are the prime factors of x?
2, 23
Let d be 6*668 + -5 + (-36)/(-6). Let a = d + -2814. List the prime factors of a.
5, 239
Suppose -13*i = 53*i - 589372 - 976082. What are the prime factors of i?
23719
Suppose 27*u - 22*u + 15 = 0. List the prime factors of 374 - (u + (-4)/2 + 8).
7, 53
Let f(r) be the third derivative of -r**4/8 + 131*r**3/6 - 89*r**2 + 1. Let x(u) = -u**3 - 2*u**2 - u. Let y be x(-1). List the prime factors of f(y).
131
Let m = 67 - 35. Suppose 33*i - m*i = 0. List the prime factors of (15 + i)/(-3*1/(-27)).
3, 5
Let q = 17105 - -2953. What are the prime factors of q?
2, 3, 3343
Suppose 3*l - 4447 = -a, 158*l - 157*l + 3 = 0. List the prime factors of a.
2, 557
Let g = -64304 - -94153. What are the prime factors of g?
19, 1571
Let a be (-12 - 80/(-10))*1. Suppose -x + 3*x = 86. Let b = x + a. What are the prime factors of b?
3, 13
Let y(m) = m**2 + 16*m + 21. Suppose 0 = 4*q + 23 + 41. List the prime factors of y(q).
3, 7
Let x be (6/(-8))/((-5)/20). Suppose 5*t = -4*o + 16, 0*o - x*o + 2*t = 11. List the prime factors of (81 - 4) + (-1 - o).
7, 11
Suppose -56 = -z - 54. Let o be (-1164)/8*(-2 - z - -2). Let q = o + -176. List the prime factors of q.
5, 23
Let h be (-1)/(-6) + 17/6. Suppose -h*g = -5*l + 2940, 3*l - 8*l = 2*g - 2940. List the prime factors of l.
2, 3, 7
Suppose -3*q + 16 = q. Suppose -q*a = -4, -5*a + 3 = -z + 1. What are the prime factors of 21*z - (-13 + 11)?
5, 13
Suppose -3*z - t = -3*t + 2, 2*z + 3*t = -23. Let q(i) = -i**3 + i**3 + 12 - i - 2*i**3 + i**3. What are the prime factors of q(z)?
2, 5
Suppose 9*a = -137*a + 825110 - 129274. List the prime factors of a.
2, 2383
Let p = 3424 + 1020. List the prime factors of p.
2, 11, 101
Suppose 2*c + 4*j - 5*j = 20, -28 = -c - 4*j. Let i(l) = 5*l**2 - 30*l + 3. List the prime factors of i(c).
3, 11
Suppose -5*x = 3*o - 6*x + 1715, 0 = -3*o + 3*x - 1713. Let i = 844 + o. List the prime factors of i.
2, 17
Suppose 3*q + 10*o - 5*o - 25420 = 0, -4*q - o = -33916. What are the prime factors of q?
2, 5, 53
Let y(n) = 247*n**2 - 256*n + 1537. List the prime factors of y(6).
8893
Suppose 0 = -5*q - y - 718, 3*q = -q - 3*y - 570. Let i be 4/14 + q/63. What are the prime factors of (260/40)/(i/(-60))?
3, 5, 13
What are the prime factors of (-2 - 96726/(-1))*(93/(-12) + 8)?
24181
Suppose 177*y = 174*y + 12. Suppose -3*t + 2*t - 47 = -4*x, -y*t = -4*x + 32. Suppose -2*b - x*b = -915. List the prime factors of b.
61
Let c(i) be the third derivative of 33*i**2 + 0*i + 0 + 5/3*i**3 + 5/8*i**4 + 1/60*i**5. What are the prime factors of c(-16)?
2, 13
Let t(m) = -46*m**3 + 9*m**2 - 15*m - 6. What are the prime factors of t(-6)?
2, 3, 431
Let z(m) = 11*m - 55. Let q be z(5). Suppose 0 = 4*x - q*x + 2*d - 1178, d + 1476 = 5*x. What are the prime factors of x?
5, 59
Let f(m) = -m**3 + 9*m**2 + 10*m + 6. Let l be f(10). Let w be l*(20/5)/(2/(-2)). What are the prime factors of (-474)/9*w/16?
79
Let f be (2/(-8)*-9)/((-12)/(-160)). Let r be 2/(-12) + 65/f. List the prime factors of (-4*(-5)/60)/(r/102).
17
Let k be 57 - 53 - (-6244)/2. Suppose 3*y + 12*w - k = 9*w, -y = -5*w - 1066. List the prime factors of y.
2, 523
Let f = 16 + 16. Suppose -4 = f*i - 34*i. Suppose 2*l = -i*w + 38, 5*l = 3*w + w - 94. List the prime factors of w.
3, 7
Let w = 72111 + -31289. What are the prime factors of w?
2, 20411
Let t(i) = 8*i**3 - 4*i**2 + 5*i - 2. Let y = 53 + -48. Suppose -2*d - z - y = -4*z, -8 = -d - 2*z. What are the prime factors of t(d)?
2, 7
Let n(g) = -2816*g + 123. What are the prime factors of n(-6)?
3, 31, 61
List the prime factors of 1*3 + (-19 - -66183)/17.
5, 19, 41
Suppose -g - 5*m = -7900, -m = -147*g + 150*g - 23672. What are the prime factors of g?
2, 3, 5, 263
Suppose 29510 = 304*p - 299*p. Suppose -1502 + p = 8*w. List the prime factors of w.
2, 5, 11
Let c be (-21)/2*(-48)/36. Let j(q) = -q**3 + 20*q**2 - 14*q - 22. List the prime factors of j(c).
2, 479
Let v be (-1633)/(-15) - 0 - (-4)/30. Let f = 171 + v. What are the prime factors of f?
2, 5, 7
Let q = -699 - -136. Let d = -317 - q. What are the prime factors of d?
2, 3, 41
Let y(n) = 917*n - 373. What are the prime factors of y(22)?
19801
Suppose 15*c - 52629 - 218027 = -c. List the prime factors of c.
2, 4229
Let r(t) = 3071*t**3 + 5*t**2 - 9*t + 4. List the prime factors of r(1).
37, 83
Suppose -5*w - 9 + 4 = -2*g, 0 = 4*g - 4*w - 16. Suppose g*b - 659 = -q, -2*q + 2*b = 4*b - 1318. List the prime factors of q.
659
Let q(n) = 11911*n - 8. What are the prime factors of q(1)?
11903
Let d(g) = 3 - 4*g + g**3 + 0 + 10*g**2 + 6 - 8. Let p be d(-8). Let n 